8 a multiple of 50?
False
Does 10 divide 410?
True
Is 2455 a multiple of 56?
False
Is 444 a multiple of 16?
False
Is 78 a factor of 4067?
False
Does 9 divide 552?
False
Is 51 a factor of 1032?
False
Does 33 divide 980?
False
Is 60683 a multiple of 7?
True
Does 72 divide 42408?
True
Is 15 a factor of 2550?
True
Is 46 a factor of 414?
True
Is 38 a factor of 874?
True
Is 14 a factor of 29415?
False
Is 1576 a multiple of 23?
False
Does 38 divide 34960?
True
Is 302 a factor of 55344?
False
Is 1053 a multiple of 9?
True
Is 6 a factor of 30666?
True
Does 32 divide 2112?
True
Is 8129 a multiple of 118?
False
Is 63 a factor of 3528?
True
Is 1894 a multiple of 3?
False
Is 28633 a multiple of 269?
False
Is 1440 a multiple of 20?
True
Does 55 divide 6270?
True
Does 2 divide 9051?
False
Is 32 a factor of 480?
True
Is 12 a factor of 48?
True
Is 53 a factor of 5989?
True
Does 5 divide 5540?
True
Is 30 a factor of 15930?
True
Does 10 divide 259?
False
Is 691 a multiple of 6?
False
Does 6 divide 7047?
False
Does 27 divide 7092?
False
Does 4 divide 20787?
False
Does 329 divide 86797?
False
Is 19992 a multiple of 56?
True
Is 6276 a multiple of 12?
True
Is 16880 a multiple of 8?
True
Is 4935 a multiple of 21?
True
Is 377 a multiple of 52?
False
Is 59 a factor of 1212?
False
Is 14 a factor of 143?
False
Is 2706 a multiple of 41?
True
Does 31 divide 46244?
False
Does 97 divide 65960?
True
Is 22 a factor of 5737?
False
Is 9938 a multiple of 12?
False
Does 83 divide 913?
True
Is 697 a multiple of 20?
False
Does 77 divide 87855?
False
Does 56 divide 6885?
False
Is 19330 a multiple of 57?
False
Is 10 a factor of 24?
False
Is 89 a factor of 41740?
False
Is 8 a factor of 5383?
False
Does 34 divide 9670?
False
Is 15 a factor of 4500?
True
Is 109 a factor of 71286?
True
Is 18641 a multiple of 17?
False
Is 29 a factor of 3820?
False
Is 1078 a multiple of 7?
True
Is 6534 a multiple of 198?
True
Is 3476 a multiple of 22?
True
Is 40 a factor of 21480?
True
Is 73350 a multiple of 326?
True
Is 51 a factor of 9757?
False
Does 5 divide 7739?
False
Does 60 divide 1200?
True
Does 6 divide 1836?
True
Is 13 a factor of 17050?
False
Is 10 a factor of 10438?
False
Is 75498 a multiple of 97?
False
Is 25 a factor of 17979?
False
Is 4 a factor of 260?
True
Does 16 divide 2508?
False
Is 25 a factor of 73825?
True
Does 182 divide 1820?
True
Is 251 a multiple of 6?
False
Does 80 divide 27440?
True
Is 11 a factor of 4219?
False
Is 2592 a multiple of 16?
True
Is 6375 a multiple of 25?
True
Is 6383 a multiple of 72?
False
Is 75640 a multiple of 6?
False
Does 3 divide 768?
True
Is 11519 a multiple of 34?
False
Does 115 divide 2418?
False
Is 25795 a multiple of 77?
True
Is 36 a factor of 1908?
True
Is 11 a factor of 74770?
False
Is 4136 a multiple of 47?
True
Is 59 a factor of 1573?
False
Does 116 divide 8584?
True
Is 1014 a multiple of 21?
False
Does 7 divide 37561?
False
Is 265 a factor of 85330?
True
Does 192 divide 5847?
False
Is 60 a factor of 32308?
False
Is 2368 a multiple of 8?
True
Does 24 divide 720?
True
Is 14 a factor of 462?
True
Does 9 divide 5643?
True
Is 7553 a multiple of 83?
True
Is 14 a factor of 602?
True
Is 5 a factor of 825?
True
Is 41 a factor of 574?
True
Is 28913 a multiple of 47?
False
Is 12 a factor of 409?
False
Is 21 a factor of 1911?
True
Does 110 divide 28270?
True
Does 61 divide 44957?
True
Does 309 divide 37802?
False
Is 562 a multiple of 27?
False
Is 10 a factor of 1630?
True
Does 38 divide 494?
True
Is 488 a multiple of 4?
True
Does 3 divide 417?
True
Does 5 divide 6740?
True
Is 4998 a multiple of 66?
False
Does 15 divide 2965?
False
Does 118 divide 3658?
True
Is 73 a multiple of 16?
False
Is 16 a factor of 7622?
False
Is 1605 a multiple of 3?
True
Does 19 divide 266?
True
Does 215 divide 21244?
False
Is 799 a multiple of 36?
False
Is 174 a factor of 33408?
True
Is 4 a factor of 328?
True
Is 33 a factor of 1835?
False
Does 14 divide 161?
False
Does 23 divide 155?
False
Is 277 a multiple of 4?
False
Is 38480 a multiple of 80?
True
Does 77 divide 1617?
True
Is 1052 a multiple of 10?
False
Is 1984 a multiple of 16?
True
Is 292 even?
True
Is 141 a multiple of 49?
False
Is 28 a factor of 1515?
False
Is 288 even?
True
Does 61 divide 11773?
True
Is 45 a factor of 2545?
False
Is 554 a multiple of 8?
False
Does 89 divide 57422?
False
Is 80 a factor of 720?
True
Is 12 a factor of 360?
True
Is 5 a factor of 1220?
True
Is 27 a factor of 80919?
True
Does 267 divide 59797?
False
Is 593 a multiple of 15?
False
Does 20 divide 292?
False
Is 76904 a multiple of 26?
False
Is 14 a factor of 181?
False
Is 7210 a multiple of 2?
True
Does 66 divide 31746?
True
Is 46 a multiple of 46?
True
Is 50 a factor of 11700?
True
Is 37 a factor of 4986?
False
Does 20 divide 100?
True
Is 5355 a multiple of 85?
True
Does 67 divide 2074?
False
Is 44 a factor of 1144?
True
Is 12 a factor of 120?
True
Is 100 a factor of 83516?
False
Is 18174 a multiple of 384?
False
Is 27 a factor of 70929?
True
Is 14 a factor of 2240?
True
Is 22 a factor of 1012?
True
Is 7903 a multiple of 7?
True
Is 1433 a multiple of 19?
False
Is 9 a factor of 2081?
False
Does 11 divide 7452?
False
Is 352 even?
True
Is 1620 a multiple of 27?
True
Does 142 divide 57522?
False
Is 20 a factor of 17106?
False
Is 50 a factor of 200?
True
Is 256 a factor of 23040?
True
Is 19869 a multiple of 15?
False
Is 5697 a multiple of 4?
False
Is 11 a factor of 540?
False
Is 74 a multiple of 37?
True
Is 5 a factor of 488?
False
Is 25 a factor of 6831?
False
Is 826 a multiple of 14?
True
Is 22799 a multiple of 40?
False
Is 1428 a multiple of 59?
False
Is 9 a factor of 331?
False
Does 43 divide 475?
False
Does 18 divide 108?
True
Does 3 divide 2328?
True
Is 24 a factor of 671?
False
Is 12072 a multiple of 8?
True
Does 79 divide 1027?
True
Does 52 divide 148?
False
Does 15 divide 10572?
False
Is 2250 a multiple of 10?
True
Is 29 a factor of 108489?
True
Is 59 a factor of 295?
True
Is 24 a factor of 2832?
True
Is 593 a multiple of 14?
False
Is 258 a factor of 58824?
True
Is 576 a multiple of 7?
False
Is 5 a factor of 323?
False
Is 26387 a multiple of 12?
False
Is 18 a factor of 3105?
False
Is 6 a factor of 1092?
True
Is 5 a factor of 1324?
False
Is 73 a factor of 1022?
True
Does 65 divide 780?
True
Is 5 a factor of 475?
True
Does 3 divide 1755?
True
Does 3 divide 4429?
False
Is 58 a factor of 34278?
True
Does 19 divide 17822?
True
Is 2070 a multiple of 30?
True
Is 14 a factor of 532?
True
Is 25487 a multiple of 3?
False
Does 14 divide 266?
True
Is 781 a multiple of 71?
True
Is 192 a multiple of 3?
True
Is 127 a factor of 66167?
True
Does 47 divide 8554?
True
Is 8148 a multiple of 28?
True
Does 31 divide 46?
False
Does 34 divide 1973?
False
Is 40 a factor of 680?
True
Is 12267 a multiple of 108?
False
Does 52 divide 2513?
False
Does 13 divide 426?
False
Is 18 a factor of 1314?
True
Is 3 a factor of 80?
False
Is 2134 a multiple of 52?
False
Does 16 divide 5269?
False
Does 286 divide 157979?
False
Is 14 a factor of 383?
False
Does 28 divide 15176?
True
Does 4 divide 182?
False
Is 6 a factor of 202?
False
Does 8 divide 120?
True
Is 2 a factor of 364?
True
Does 39 divide 8119?
False
Is 21 a factor of 3397?
False
Is 34 a factor of 52159?
False
Does 30 divide 780?
True
Is 6 a factor of 576?
True
Does 9 divide 547?
False
Is 10363 a multiple of 36?
False
Is 2057 a multiple of 17?
True
Is 29280 a multiple of 14?
False
Is 20 a factor of 426?
False
Does 7 divide 301?
True
Does 34 divide 28823?
False
Does 37 divide 9106?
False
Does 24 divide 1224?
True
Is 489 a multiple of 32?
False
Is 32058 a multiple of 3?
True
Is 22 a factor of 704?
True
Is 30 a multiple of 11?
False
Is 13 a factor of 18514?
False
Is 188 a multiple of 9?
False
Is 10 a factor of 1579?
False
Does 21 divide 253?
False
Is 1586 a multiple of 60?
False
Does 18 divide 5508?
True
Is 19183 a multiple of 11?
False
Is 11 a factor of 1691?
False
Is 4292 a multiple of 58?
True
Does 140 divide 13580?
True
Does 5 divide 15756?
False
Is 106 a factor of 45390?
False
Does 75 divide 4950?
True
Is 1354 a multiple of 8?
False
Is 1482 a multiple of 3?
True
Is 1240 a multiple of 155?
True
Does 81 divide 784?
False
Does 23 divide 3335?
True
Does 212 divide 13398?
False
Is 58 a factor of 1680?
False
Does 39 divide 17